[INFO] cloning repository https://github.com/FredericJacobs/iStringsCheck
[INFO] running `Command { std: "git" "-c" "credential.helper=" "-c" "credential.helper=/workspace/cargo-home/bin/git-credential-null" "clone" "--bare" "https://github.com/FredericJacobs/iStringsCheck" "/workspace/cache/git-repos/https%3A%2F%2Fgithub.com%2FFredericJacobs%2FiStringsCheck", kill_on_drop: false }`
[INFO] [stderr] Cloning into bare repository '/workspace/cache/git-repos/https%3A%2F%2Fgithub.com%2FFredericJacobs%2FiStringsCheck'...
[INFO] running `Command { std: "git" "rev-parse" "HEAD", kill_on_drop: false }`
[INFO] [stdout] 052d34eb9ab9add26571a78e158ad838ad4eb329
[INFO] checking FredericJacobs/iStringsCheck against master#af3c6e733a40e671550e0f0f5aeecaa13772ba56 for pr-74989
[INFO] running `Command { std: "git" "clone" "/workspace/cache/git-repos/https%3A%2F%2Fgithub.com%2FFredericJacobs%2FiStringsCheck" "/workspace/builds/worker-11/source", kill_on_drop: false }`
[INFO] [stderr] Cloning into '/workspace/builds/worker-11/source'...
[INFO] [stderr] done.
[INFO] validating manifest of git repo https://github.com/FredericJacobs/iStringsCheck on toolchain af3c6e733a40e671550e0f0f5aeecaa13772ba56
[INFO] running `Command { std: "/workspace/cargo-home/bin/cargo" "+af3c6e733a40e671550e0f0f5aeecaa13772ba56" "read-manifest" "--manifest-path" "Cargo.toml", kill_on_drop: false }`
[INFO] started tweaking git repo https://github.com/FredericJacobs/iStringsCheck
[INFO] finished tweaking git repo https://github.com/FredericJacobs/iStringsCheck
[INFO] tweaked toml for git repo https://github.com/FredericJacobs/iStringsCheck written to /workspace/builds/worker-11/source/Cargo.toml
[INFO] crate git repo https://github.com/FredericJacobs/iStringsCheck already has a lockfile, it will not be regenerated
[INFO] running `Command { std: "/workspace/cargo-home/bin/cargo" "+af3c6e733a40e671550e0f0f5aeecaa13772ba56" "fetch" "--locked" "--manifest-path" "Cargo.toml", kill_on_drop: false }`
[INFO] [stderr] error: the lock file /workspace/builds/worker-11/source/Cargo.lock needs to be updated but --locked was passed to prevent this
[INFO] [stderr] If you want to try to generate the lock file without accessing the network, use the --offline flag.
[INFO] the lockfile is outdated, regenerating it
[INFO] running `Command { std: "/workspace/cargo-home/bin/cargo" "+af3c6e733a40e671550e0f0f5aeecaa13772ba56" "generate-lockfile" "--manifest-path" "Cargo.toml" "-Zno-index-update", kill_on_drop: false }`
[INFO] running `Command { std: "/workspace/cargo-home/bin/cargo" "+af3c6e733a40e671550e0f0f5aeecaa13772ba56" "fetch" "--locked" "--manifest-path" "Cargo.toml", kill_on_drop: false }`
[INFO] [stderr]     Blocking waiting for file lock on package cache
[INFO] running `Command { std: "docker" "create" "-v" "/var/lib/crater-agent-workspace/builds/worker-11/target:/opt/rustwide/target:rw,Z" "-v" "/var/lib/crater-agent-workspace/builds/worker-11/source:/opt/rustwide/workdir:ro,Z" "-v" "/var/lib/crater-agent-workspace/cargo-home:/opt/rustwide/cargo-home:ro,Z" "-v" "/var/lib/crater-agent-workspace/rustup-home:/opt/rustwide/rustup-home:ro,Z" "-e" "SOURCE_DIR=/opt/rustwide/workdir" "-e" "CARGO_TARGET_DIR=/opt/rustwide/target" "-e" "CARGO_HOME=/opt/rustwide/cargo-home" "-e" "RUSTUP_HOME=/opt/rustwide/rustup-home" "-w" "/opt/rustwide/workdir" "-m" "1610612736" "--user" "0:0" "--network" "none" "rustops/crates-build-env@sha256:d92eaeed33fa75130ca1ee6c8a01d1ffb62bac859dfdfb3450e3e5d1c0146529" "/opt/rustwide/cargo-home/bin/cargo" "+af3c6e733a40e671550e0f0f5aeecaa13772ba56" "metadata" "--no-deps" "--format-version=1", kill_on_drop: false }`
[INFO] [stdout] d29cc8690e268d060a14676b7a2e05f87307b965050a5cc9a37fde7de5a98c78
[INFO] [stderr] WARNING: Your kernel does not support swap limit capabilities or the cgroup is not mounted. Memory limited without swap.
[INFO] running `Command { std: "docker" "start" "-a" "d29cc8690e268d060a14676b7a2e05f87307b965050a5cc9a37fde7de5a98c78", kill_on_drop: false }`
[INFO] running `Command { std: "docker" "inspect" "d29cc8690e268d060a14676b7a2e05f87307b965050a5cc9a37fde7de5a98c78", kill_on_drop: false }`
[INFO] running `Command { std: "docker" "rm" "-f" "d29cc8690e268d060a14676b7a2e05f87307b965050a5cc9a37fde7de5a98c78", kill_on_drop: false }`
[INFO] [stdout] d29cc8690e268d060a14676b7a2e05f87307b965050a5cc9a37fde7de5a98c78
[INFO] running `Command { std: "docker" "create" "-v" "/var/lib/crater-agent-workspace/builds/worker-11/target:/opt/rustwide/target:rw,Z" "-v" "/var/lib/crater-agent-workspace/builds/worker-11/source:/opt/rustwide/workdir:ro,Z" "-v" "/var/lib/crater-agent-workspace/cargo-home:/opt/rustwide/cargo-home:ro,Z" "-v" "/var/lib/crater-agent-workspace/rustup-home:/opt/rustwide/rustup-home:ro,Z" "-e" "SOURCE_DIR=/opt/rustwide/workdir" "-e" "CARGO_TARGET_DIR=/opt/rustwide/target" "-e" "CARGO_INCREMENTAL=0" "-e" "RUST_BACKTRACE=full" "-e" "RUSTFLAGS=--cap-lints=forbid" "-e" "CARGO_HOME=/opt/rustwide/cargo-home" "-e" "RUSTUP_HOME=/opt/rustwide/rustup-home" "-w" "/opt/rustwide/workdir" "-m" "1610612736" "--user" "0:0" "--network" "none" "rustops/crates-build-env@sha256:d92eaeed33fa75130ca1ee6c8a01d1ffb62bac859dfdfb3450e3e5d1c0146529" "/opt/rustwide/cargo-home/bin/cargo" "+af3c6e733a40e671550e0f0f5aeecaa13772ba56" "check" "--frozen" "--all" "--all-targets" "--message-format=json", kill_on_drop: false }`
[INFO] [stdout] fe6684f2ca8e74ec7b9fd62a09d5cf1574538ac1df3ffca064be1d5c18513c41
[INFO] [stderr] WARNING: Your kernel does not support swap limit capabilities or the cgroup is not mounted. Memory limited without swap.
[INFO] running `Command { std: "docker" "start" "-a" "fe6684f2ca8e74ec7b9fd62a09d5cf1574538ac1df3ffca064be1d5c18513c41", kill_on_drop: false }`
[INFO] [stderr]    Compiling proc-macro2 v1.0.21
[INFO] [stderr]    Compiling unicode-xid v0.2.1
[INFO] [stderr]    Compiling syn v1.0.40
[INFO] [stderr]    Compiling memchr v2.3.3
[INFO] [stderr]     Checking strsim v0.9.3
[INFO] [stderr]     Checking thread_local v1.0.1
[INFO] [stderr]     Checking aho-corasick v0.7.13
[INFO] [stderr]    Compiling quote v1.0.7
[INFO] [stderr]     Checking regex v1.3.9
[INFO] [stderr]    Compiling serde_derive v1.0.116
[INFO] [stderr]     Checking serde v1.0.116
[INFO] [stderr]     Checking docopt v1.1.0
[INFO] [stderr]     Checking iStringsCheck v0.1.0 (/opt/rustwide/workdir)
[INFO] [stdout] error[E0599]: no method named `decode` found for struct `Docopt` in the current scope
[INFO] [stdout]   --> src/main.rs:31:45
[INFO] [stdout]    |
[INFO] [stdout] 31 | ...                   .and_then(|d| d.decode())
[INFO] [stdout]    |                                       ^^^^^^ method not found in `Docopt`
[INFO] [stdout] 
[INFO] [stdout] 
[INFO] [stdout] error[E0599]: no method named `decode` found for struct `Docopt` in the current scope
[INFO] [stdout]   --> src/main.rs:31:45
[INFO] [stdout]    |
[INFO] [stdout] 31 | ...                   .and_then(|d| d.decode())
[INFO] [stdout]    |                                       ^^^^^^ method not found in `Docopt`
[INFO] [stdout] 
[INFO] [stdout] 
[INFO] [stdout] error[E0599]: no method named `at` found for struct `regex::Captures<'_>` in the current scope
[INFO] [stdout]    --> src/main.rs:109:74
[INFO] [stdout]     |
[INFO] [stdout] 109 |                     let n_formats = format_strings_re.captures_iter(&cap.at(2).unwrap()).count();
[INFO] [stdout]     |                                                                          ^^ method not found in `regex::Captures<'_>`
[INFO] [stdout] 
[INFO] [stdout] 
[INFO] [stdout] error[E0599]: no method named `at` found for struct `regex::Captures<'_>` in the current scope
[INFO] [stdout]    --> src/main.rs:109:74
[INFO] [stdout]     |
[INFO] [stdout] 109 |                     let n_formats = format_strings_re.captures_iter(&cap.at(2).unwrap()).count();
[INFO] [stdout]     |                                                                          ^^ method not found in `regex::Captures<'_>`
[INFO] [stdout] 
[INFO] [stdout] 
[INFO] [stdout] error[E0599]: no method named `at` found for struct `regex::Captures<'_>` in the current scope
[INFO] [stdout]    --> src/main.rs:110:47
[INFO] [stdout]     |
[INFO] [stdout] 110 |                     source_strings.insert(cap.at(1).unwrap().to_string(), n_formats);
[INFO] [stdout]     |                                               ^^ method not found in `regex::Captures<'_>`
[INFO] [stdout] 
[INFO] [stdout] 
[INFO] [stdout] error[E0599]: no method named `at` found for struct `regex::Captures<'_>` in the current scope
[INFO] [stdout]    --> src/main.rs:110:47
[INFO] [stdout]     |
[INFO] [stdout] 110 |                     source_strings.insert(cap.at(1).unwrap().to_string(), n_formats);
[INFO] [stdout]     |                                               ^^ method not found in `regex::Captures<'_>`
[INFO] [stdout] 
[INFO] [stdout] 
[INFO] [stdout] warning: unused import: `std::io::prelude`
[INFO] [stdout]   --> src/main.rs:11:5
[INFO] [stdout]    |
[INFO] [stdout] 11 | use std::io::prelude::*;
[INFO] [stdout]    |     ^^^^^^^^^^^^^^^^
[INFO] [stdout]    |
[INFO] [stdout]    = note: `#[warn(unused_imports)]` on by default
[INFO] [stdout] 
[INFO] [stdout] 
[INFO] [stdout] warning: unused import: `std::io::prelude`
[INFO] [stdout]   --> src/main.rs:11:5
[INFO] [stdout]    |
[INFO] [stdout] 11 | use std::io::prelude::*;
[INFO] [stdout]    |     ^^^^^^^^^^^^^^^^
[INFO] [stdout]    |
[INFO] [stdout]    = note: `#[warn(unused_imports)]` on by default
[INFO] [stdout] 
[INFO] [stdout] 
[INFO] [stdout] error: aborting due to 3 previous errors; 1 warning emitted
[INFO] [stdout] 
[INFO] [stdout] 
[INFO] [stdout] For more information about this error, try `rustc --explain E0599`.
[INFO] [stdout] 
[INFO] [stderr] error: could not compile `iStringsCheck`.
[INFO] [stdout] error: aborting due to 3 previous errors; 1 warning emitted
[INFO] [stdout] 
[INFO] [stdout] 
[INFO] [stderr] 
[INFO] [stdout] For more information about this error, try `rustc --explain E0599`.
[INFO] [stdout] 
[INFO] [stderr] To learn more, run the command again with --verbose.
[INFO] [stderr] warning: build failed, waiting for other jobs to finish...
[INFO] [stderr] error: build failed
[INFO] running `Command { std: "docker" "inspect" "fe6684f2ca8e74ec7b9fd62a09d5cf1574538ac1df3ffca064be1d5c18513c41", kill_on_drop: false }`
[INFO] running `Command { std: "docker" "rm" "-f" "fe6684f2ca8e74ec7b9fd62a09d5cf1574538ac1df3ffca064be1d5c18513c41", kill_on_drop: false }`
[INFO] [stdout] fe6684f2ca8e74ec7b9fd62a09d5cf1574538ac1df3ffca064be1d5c18513c41
